{"id":97,"date":"2025-05-23T10:54:41","date_gmt":"2025-05-23T08:54:41","guid":{"rendered":"https:\/\/ecolelibreblandainesplechin.be\/?page_id=97"},"modified":"2025-08-03T16:54:24","modified_gmt":"2025-08-03T14:54:24","slug":"garderie-blandain","status":"publish","type":"page","link":"https:\/\/ecolelibreblandainesplechin.be\/index.php\/garderie-blandain\/","title":{"rendered":"Accueil extrascolaire (Blandain)"},"content":{"rendered":"\t\t<div data-elementor-type=\"wp-page\" data-elementor-id=\"97\" class=\"elementor elementor-97\">\n\t\t\t\t<div class=\"elementor-element elementor-element-38664682 e-flex e-con-boxed e-con e-parent\" data-id=\"38664682\" data-element_type=\"container\">\n\t\t\t\t\t<div class=\"e-con-inner\">\n\t\t\t\t<div class=\"elementor-element elementor-element-46e7cfe4 elementor-widget elementor-widget-text-editor\" data-id=\"46e7cfe4\" data-element_type=\"widget\" data-widget_type=\"text-editor.default\">\n\t\t\t\t<div class=\"elementor-widget-container\">\n\t\t\t\t\t\t\t\t\t<div class=\"x_elementToProof\" data-olk-copy-source=\"MessageBody\">Accueil extrascolaire<\/div>\n<div class=\"x_elementToProof\" data-olk-copy-source=\"MessageBody\">Tous les jours de 7h00 \u00e0 8h40 et de 16h \u00e0 18h00<\/div>\n<div class=\"x_elementToProof\">Le mercredi de 7h00 \u00e0 8h40 et de 12h30 \u00e0 13h30.<br><br><\/div>\n<div class=\"x_elementToProof\">Organisation pour l&rsquo;accueil extrascolaire du mercredi :<\/div>\n<div>1) Si vous venez&nbsp;chercher vos&nbsp;enfants entre 12h15 et 13h30, les enfants restent \u00e0 l&rsquo;\u00e9cole dans l\u2019implantation de la Place et prennent leur repas froid.<\/div>\n<div class=\"x_elementToProof\">2) Si&nbsp;vos enfants&nbsp;ont besoin d&rsquo;un accueil au-del\u00e0 de 13h30, ils seront pris en charge par le service ATL (Accueil temps Libre) de la ville de Tournai.<br><br><\/div>\n<div class=\"x_elementToProof\">Comment cela va fonctionner ?<\/div>\n<div class=\"x_elementToProof\">Votre enfant mange son repas froid \u00e0 l\u2019\u00e9cole. A 13h, le bus de la ville viendra chercher les \u00e9l\u00e8ves inscrits. Ils seront pris en charge par des agents du service ATL.. Vous devrez alors r\u00e9cup\u00e9rer vos enfants \u00e0 Templeuve&nbsp;\u00e0 l&rsquo;\u00e9cole communale Camille Depinoy. Il y aura donc une demi-heure \u00e0 payer \u00e0 l\u2019\u00e9cole et le reste sera \u00e0 payer \u00e0 l\u2019ATL.<br><br><\/div>\n<div class=\"x_elementToProof\">Pendant le temps des travaux :<\/div>\n<div class=\"x_elementToProof\">De 7h \u00e0 8h10, l\u2019accueil se fait \u00e0 la Petite Ecole (section maternelle) \u00e0 rue E.Richard pour tous nos \u00e9l\u00e8ves.<\/div>\n<div class=\"x_elementToProof\">De 8h10 \u00e0 8h40, l\u2019accueil se poursuit pour nos \u00e9l\u00e8ves des classes maternelles \u00e0 la Petite Ecole. A partir de 8h10, un rang est organis\u00e9 pour se rendre \u00e0 l\u2019implantation situ\u00e9e sur la place pour les \u00e9l\u00e8ves des classes primaires. Ces derni\u00e8res se situent dans l&rsquo;implantation situ\u00e9e sur la Place.<\/div>\n<div class=\"x_elementToProof\">Il n\u2019y pas d\u2019accueil de pr\u00e9vu avant 8h10 dans l\u2019implantation situ\u00e9e sur la Place.<\/div><div class=\"x_elementToProof\"><br><\/div>\n<div class=\"x_elementToProof\">A la fin des cours, l&rsquo;accueil extrascolaire s&rsquo;organise \u00e0 la rue E.Richard&nbsp;jusqu\u00e0 18h. Les \u00e9l\u00e8ves de maternelle y sont d\u00e9j\u00e0 et les \u00e9l\u00e8ves de primaire viendront les rejoindre vers 16h45.<\/div>\n<div>Un rang avec les \u00e9l\u00e8ves de primaire est organis\u00e9 apr\u00e8s l&rsquo;\u00e9tude&nbsp; pour se rendre \u00e0 la rue E.Richard.<\/div>\n<div>&nbsp;<\/div>\n<div>Un r\u00e8glement est distribu\u00e9 lors de l\u2019inscription.<\/div>\t\t\t\t\t\t\t\t<\/div>\n\t\t\t\t<\/div>\n\t\t\t\t\t<\/div>\n\t\t\t\t<\/div>\n\t\t\t\t<\/div>\n\t\t","protected":false},"excerpt":{"rendered":"<p>Accueil extrascolaire Tous les jours de 7h00 \u00e0 8h40 et de 16h \u00e0 18h00 Le mercredi de 7h00 \u00e0 8h40 et de 12h30 \u00e0 13h30. Organisation pour l&rsquo;accueil extrascolaire du mercredi : 1) Si vous venez&nbsp;chercher vos&nbsp;enfants entre 12h15 et 13h30, les enfants restent \u00e0 l&rsquo;\u00e9cole dans l\u2019implantation de la Place et prennent leur repas &hellip; <\/p>\n<p><a class=\"more-link btn\" href=\"https:\/\/ecolelibreblandainesplechin.be\/index.php\/garderie-blandain\/\">Lire la suite<\/a><\/p>\n","protected":false},"author":1,"featured_media":0,"parent":0,"menu_order":0,"comment_status":"closed","ping_status":"closed","template":"","meta":{"footnotes":""},"class_list":["post-97","page","type-page","status-publish","hentry","nodate","item-wrap"],"_links":{"self":[{"href":"https:\/\/ecolelibreblandainesplechin.be\/index.php\/wp-json\/wp\/v2\/pages\/97","targetHints":{"allow":["GET"]}}],"collection":[{"href":"https:\/\/ecolelibreblandainesplechin.be\/index.php\/wp-json\/wp\/v2\/pages"}],"about":[{"href":"https:\/\/ecolelibreblandainesplechin.be\/index.php\/wp-json\/wp\/v2\/types\/page"}],"author":[{"embeddable":true,"href":"https:\/\/ecolelibreblandainesplechin.be\/index.php\/wp-json\/wp\/v2\/users\/1"}],"replies":[{"embeddable":true,"href":"https:\/\/ecolelibreblandainesplechin.be\/index.php\/wp-json\/wp\/v2\/comments?post=97"}],"version-history":[{"count":5,"href":"https:\/\/ecolelibreblandainesplechin.be\/index.php\/wp-json\/wp\/v2\/pages\/97\/revisions"}],"predecessor-version":[{"id":670,"href":"https:\/\/ecolelibreblandainesplechin.be\/index.php\/wp-json\/wp\/v2\/pages\/97\/revisions\/670"}],"wp:attachment":[{"href":"https:\/\/ecolelibreblandainesplechin.be\/index.php\/wp-json\/wp\/v2\/media?parent=97"}],"curies":[{"name":"wp","href":"https:\/\/api.w.org\/{rel}","templated":true}]}}