{"id":39,"date":"2025-05-19T20:38:32","date_gmt":"2025-05-19T18:38:32","guid":{"rendered":"https:\/\/ecolelibreblandainesplechin.be\/?page_id=39"},"modified":"2025-08-19T18:15:49","modified_gmt":"2025-08-19T16:15:49","slug":"presentation","status":"publish","type":"page","link":"https:\/\/ecolelibreblandainesplechin.be\/index.php\/presentation\/","title":{"rendered":"Pr\u00e9sentation Esplechin"},"content":{"rendered":"\t\t<div data-elementor-type=\"wp-page\" data-elementor-id=\"39\" class=\"elementor elementor-39\">\n\t\t\t\t<div class=\"elementor-element elementor-element-1b281e80 e-flex e-con-boxed e-con e-parent\" data-id=\"1b281e80\" data-element_type=\"container\">\n\t\t\t\t\t<div class=\"e-con-inner\">\n\t\t\t\t<div class=\"elementor-element elementor-element-65a321c9 elementor-widget elementor-widget-text-editor\" data-id=\"65a321c9\" data-element_type=\"widget\" data-widget_type=\"text-editor.default\">\n\t\t\t\t<div class=\"elementor-widget-container\">\n\t\t\t\t\t\t\t\t\t<h3><b style=\"color: #0e699e;\">Un enseignement de qualit\u00e9<\/b><\/h3>\n<p><!-- \/wp:heading --><!-- wp:paragraph {\"className\":\"\"} --><\/p>\n<p>Notre \u00e9quipe p\u00e9dagogique accueille&nbsp;TOUS&nbsp;les \u00e9l\u00e8ves d\u00e8s 2 ans et demi jusqu\u2019\u00e0 la 6\u00e8me primaire. Nous pratiquons une p\u00e9dagogie active et diff\u00e9renci\u00e9e pour accueillir chaque enfant. Nous l\u2019aidons \u00e0 construire son savoir, \u00e0 \u00eatre acteur de ses apprentissages tout en devenant autonome.<\/p>\n<p>Nous offrons \u00e9galement un enseignement de qualit\u00e9 qui lui permettra de grandir, de s\u2019\u00e9panouir et de croire en lui dans un climat d\u2019\u00e9coute et de bienveillance.<\/p>\n<p>Enfin, nous accueillerons vos enfants dans un climat familial et nous aurons \u00e0 coeur de lui faire d\u00e9couvrir notre \u00e9cole qui est un lieu d\u2019\u00e9ducation chr\u00e9tienne, d\u2019apprentissages, de d\u00e9couvertes et de rencontres.<\/p>\n<p><!-- \/wp:paragraph --><!-- wp:heading {\"level\":3,\"className\":\"\"} --><\/p>\n<p><br><\/p>\n<p><!-- \/wp:paragraph --><\/p>\t\t\t\t\t\t\t\t<\/div>\n\t\t\t\t<\/div>\n\t\t\t\t\t<\/div>\n\t\t\t\t<\/div>\n\t\t\t\t<\/div>\n\t\t","protected":false},"excerpt":{"rendered":"<p>Un enseignement de qualit\u00e9 Notre \u00e9quipe p\u00e9dagogique accueille&nbsp;TOUS&nbsp;les \u00e9l\u00e8ves d\u00e8s 2 ans et demi jusqu\u2019\u00e0 la 6\u00e8me primaire. Nous pratiquons une p\u00e9dagogie active et diff\u00e9renci\u00e9e pour accueillir chaque enfant. Nous l\u2019aidons \u00e0 construire son savoir, \u00e0 \u00eatre acteur de ses apprentissages tout en devenant autonome. Nous offrons \u00e9galement un enseignement de qualit\u00e9 qui lui permettra &hellip; <\/p>\n<p><a class=\"more-link btn\" href=\"https:\/\/ecolelibreblandainesplechin.be\/index.php\/presentation\/\">Lire la suite<\/a><\/p>\n","protected":false},"author":1,"featured_media":0,"parent":0,"menu_order":0,"comment_status":"closed","ping_status":"closed","template":"","meta":{"footnotes":""},"class_list":["post-39","page","type-page","status-publish","hentry","nodate","item-wrap"],"_links":{"self":[{"href":"https:\/\/ecolelibreblandainesplechin.be\/index.php\/wp-json\/wp\/v2\/pages\/39","targetHints":{"allow":["GET"]}}],"collection":[{"href":"https:\/\/ecolelibreblandainesplechin.be\/index.php\/wp-json\/wp\/v2\/pages"}],"about":[{"href":"https:\/\/ecolelibreblandainesplechin.be\/index.php\/wp-json\/wp\/v2\/types\/page"}],"author":[{"embeddable":true,"href":"https:\/\/ecolelibreblandainesplechin.be\/index.php\/wp-json\/wp\/v2\/users\/1"}],"replies":[{"embeddable":true,"href":"https:\/\/ecolelibreblandainesplechin.be\/index.php\/wp-json\/wp\/v2\/comments?post=39"}],"version-history":[{"count":18,"href":"https:\/\/ecolelibreblandainesplechin.be\/index.php\/wp-json\/wp\/v2\/pages\/39\/revisions"}],"predecessor-version":[{"id":777,"href":"https:\/\/ecolelibreblandainesplechin.be\/index.php\/wp-json\/wp\/v2\/pages\/39\/revisions\/777"}],"wp:attachment":[{"href":"https:\/\/ecolelibreblandainesplechin.be\/index.php\/wp-json\/wp\/v2\/media?parent=39"}],"curies":[{"name":"wp","href":"https:\/\/api.w.org\/{rel}","templated":true}]}}