{"id":122,"date":"2025-05-23T11:03:33","date_gmt":"2025-05-23T09:03:33","guid":{"rendered":"https:\/\/ecolelibreblandainesplechin.be\/?page_id=122"},"modified":"2025-10-29T19:06:43","modified_gmt":"2025-10-29T18:06:43","slug":"notre-equipe-blandain","status":"publish","type":"page","link":"https:\/\/ecolelibreblandainesplechin.be\/index.php\/notre-equipe-blandain\/","title":{"rendered":"Notre \u00e9quipe (Esplechin)"},"content":{"rendered":"<p>En cliquant sur le lien ci-dessous, vous acc\u00e9derez aux informations quant \u00e0 l&rsquo;\u00e9quipe d&rsquo;Esplechin<\/p>\n<p>&nbsp;<\/p>\n<p>&nbsp;<\/p>\n","protected":false},"excerpt":{"rendered":"<p>En cliquant sur le lien ci-dessous, vous acc\u00e9derez aux informations quant \u00e0 l&rsquo;\u00e9quipe d&rsquo;Esplechin &nbsp; &nbsp;<\/p>\n","protected":false},"author":1,"featured_media":0,"parent":0,"menu_order":0,"comment_status":"closed","ping_status":"closed","template":"","meta":{"footnotes":""},"class_list":["post-122","page","type-page","status-publish","hentry","nodate","item-wrap"],"_links":{"self":[{"href":"https:\/\/ecolelibreblandainesplechin.be\/index.php\/wp-json\/wp\/v2\/pages\/122","targetHints":{"allow":["GET"]}}],"collection":[{"href":"https:\/\/ecolelibreblandainesplechin.be\/index.php\/wp-json\/wp\/v2\/pages"}],"about":[{"href":"https:\/\/ecolelibreblandainesplechin.be\/index.php\/wp-json\/wp\/v2\/types\/page"}],"author":[{"embeddable":true,"href":"https:\/\/ecolelibreblandainesplechin.be\/index.php\/wp-json\/wp\/v2\/users\/1"}],"replies":[{"embeddable":true,"href":"https:\/\/ecolelibreblandainesplechin.be\/index.php\/wp-json\/wp\/v2\/comments?post=122"}],"version-history":[{"count":6,"href":"https:\/\/ecolelibreblandainesplechin.be\/index.php\/wp-json\/wp\/v2\/pages\/122\/revisions"}],"predecessor-version":[{"id":845,"href":"https:\/\/ecolelibreblandainesplechin.be\/index.php\/wp-json\/wp\/v2\/pages\/122\/revisions\/845"}],"wp:attachment":[{"href":"https:\/\/ecolelibreblandainesplechin.be\/index.php\/wp-json\/wp\/v2\/media?parent=122"}],"curies":[{"name":"wp","href":"https:\/\/api.w.org\/{rel}","templated":true}]}}