{"id":106,"date":"2025-05-23T10:57:15","date_gmt":"2025-05-23T08:57:15","guid":{"rendered":"https:\/\/ecolelibreblandainesplechin.be\/?page_id=106"},"modified":"2025-08-17T17:04:51","modified_gmt":"2025-08-17T15:04:51","slug":"horaires-esplechin","status":"publish","type":"page","link":"https:\/\/ecolelibreblandainesplechin.be\/index.php\/horaires-esplechin\/","title":{"rendered":"Horaires (Esplechin)"},"content":{"rendered":"\t\t<div data-elementor-type=\"wp-page\" data-elementor-id=\"106\" class=\"elementor elementor-106\">\n\t\t\t\t<div class=\"elementor-element elementor-element-2bce7b92 e-flex e-con-boxed e-con e-parent\" data-id=\"2bce7b92\" data-element_type=\"container\">\n\t\t\t\t\t<div class=\"e-con-inner\">\n\t\t\t\t<div class=\"elementor-element elementor-element-1a43e628 elementor-widget elementor-widget-text-editor\" data-id=\"1a43e628\" data-element_type=\"widget\" data-widget_type=\"text-editor.default\">\n\t\t\t\t<div class=\"elementor-widget-container\">\n\t\t\t\t\t\t\t\t\t<div data-id=\"8e7dadc\" data-element_type=\"container\">\n<div>\n<div data-id=\"f082bd1\" data-element_type=\"widget\" data-widget_type=\"text-editor.default\">\n<div>\n<p><span style=\"font-weight: bold; font-size: 24px;\"><span style=\"color: #0e699e;\">L&rsquo;horaire de l&rsquo;\u00e9cole<\/span><\/span><\/p>\n<div data-olk-copy-source=\"MessageBody\">Le lundi, le mardi, le jeudi, le vendredi de 8h30 \u00e0 12h05 et de 13h30 \u00e0 15h30.<\/div>\n<div>Le mercredi de 8h30 \u00e0 12h05.<\/div><div><br><\/div>\n<\/div>\n<\/div>\n<\/div>\n<\/div>\n<div data-id=\"dd6cc38\" data-element_type=\"container\">\n<div>\n<div data-id=\"65d8371\" data-element_type=\"widget\" data-widget_type=\"text-editor.default\">\n<div><p><strong><font color=\"#0e699e\"><span style=\"font-size: 24px;\">Les cong\u00e9s officiels<\/span><\/font><\/strong><\/p>\n<ul>\n<li>F\u00eate de la Communaut\u00e9 fran\u00e7aise : le samedi 27 septembre 2025<\/li>\n<li>Vacances d\u2019automne (de Toussaint) : du lundi 20 octobre 2025 au vendredi 31 octobre 2025<\/li>\n<li>Comm\u00e9moration du 11 novembre : le mardi 11 novembre 2025<\/li>\n<li>Vacances d\u2019hiver (de No\u00ebl) : du lundi 22 d\u00e9cembre 2025 au vendredi 2 janvier 2026<\/li>\n<li>Vacances de d\u00e9tente (de Carnaval) : du lundi 16 f\u00e9vrier 2026 au vendredi 27 f\u00e9vrier 2026<\/li>\n<li>Lundi de P\u00e2ques : le lundi 6 avril 2026<\/li>\n<li>Vacances de printemps (de P\u00e2ques) : du lundi 27 avril 2026 au vendredi 8 mai 2026<\/li>\n<li>Jeudi de l\u2019Ascension : le jeudi 14 mai 2026<\/li>\n<li>Lundi de Pentec\u00f4te : le lundi 25 mai 2026.<\/li>\n<\/ul>\n<\/div>\n<\/div>\n<\/div>\n<\/div>\t\t\t\t\t\t\t\t<\/div>\n\t\t\t\t<\/div>\n\t\t\t\t\t<\/div>\n\t\t\t\t<\/div>\n\t\t\t\t<\/div>\n\t\t","protected":false},"excerpt":{"rendered":"<p>L&rsquo;horaire de l&rsquo;\u00e9cole Le lundi, le mardi, le jeudi, le vendredi de 8h30 \u00e0 12h05 et de 13h30 \u00e0 15h30. Le mercredi de 8h30 \u00e0 12h05. Les cong\u00e9s officiels F\u00eate de la Communaut\u00e9 fran\u00e7aise : le samedi 27 septembre 2025 Vacances d\u2019automne (de Toussaint) : du lundi 20 octobre 2025 au vendredi 31 octobre 2025 &hellip; <\/p>\n<p><a class=\"more-link btn\" href=\"https:\/\/ecolelibreblandainesplechin.be\/index.php\/horaires-esplechin\/\">Lire la suite<\/a><\/p>\n","protected":false},"author":1,"featured_media":0,"parent":0,"menu_order":0,"comment_status":"closed","ping_status":"closed","template":"","meta":{"footnotes":""},"class_list":["post-106","page","type-page","status-publish","hentry","nodate","item-wrap"],"_links":{"self":[{"href":"https:\/\/ecolelibreblandainesplechin.be\/index.php\/wp-json\/wp\/v2\/pages\/106","targetHints":{"allow":["GET"]}}],"collection":[{"href":"https:\/\/ecolelibreblandainesplechin.be\/index.php\/wp-json\/wp\/v2\/pages"}],"about":[{"href":"https:\/\/ecolelibreblandainesplechin.be\/index.php\/wp-json\/wp\/v2\/types\/page"}],"author":[{"embeddable":true,"href":"https:\/\/ecolelibreblandainesplechin.be\/index.php\/wp-json\/wp\/v2\/users\/1"}],"replies":[{"embeddable":true,"href":"https:\/\/ecolelibreblandainesplechin.be\/index.php\/wp-json\/wp\/v2\/comments?post=106"}],"version-history":[{"count":4,"href":"https:\/\/ecolelibreblandainesplechin.be\/index.php\/wp-json\/wp\/v2\/pages\/106\/revisions"}],"predecessor-version":[{"id":743,"href":"https:\/\/ecolelibreblandainesplechin.be\/index.php\/wp-json\/wp\/v2\/pages\/106\/revisions\/743"}],"wp:attachment":[{"href":"https:\/\/ecolelibreblandainesplechin.be\/index.php\/wp-json\/wp\/v2\/media?parent=106"}],"curies":[{"name":"wp","href":"https:\/\/api.w.org\/{rel}","templated":true}]}}